).
-21
Let k(x) = -3*x**3 - 20*x**2 - 14*x - 7. Let s be k(-6). Let u(m) be the third derivative of m**4/12 - 5*m**3/6 + 142*m**2. What is u(s)?
5
Let b(y) = 11*y**2 - 2*y + 18. Let d be b(5). Suppose 8*i - d + 11 = 0. Let o = -35 + i. Let t(n) = -6*n - 1. Determine t(o).
5
Let v(q) = -q + 7. Suppose r = -3*h + 54, -3*r = -5*h - 8*r + 100. Let x = h + -7. Suppose -b = -3*u + 4, -5*u + 2*b + x = b. Calculate v(u).
4
Let m be 2 - (-9)/(45/(-20)). Let j be 1/(m/(-12)*-1). Let s be (-3)/j + 2/(-4). Let r(l) = l**3 - l**2 + l. Give r(s).
0
Let p(s) = s**2 + 29*s + 51. Let f(r) = r**3 + 15*r**2 + 26*r - 267. Let h be f(-10). What is p(h)?
-3
Let c(b) = 27*b + 62. Let d(x) = -12*x - 31. Let w(l) = 3*c(l) + 7*d(l). Give w(10).
-61
Let b(o) = -2*o + 5*o - o + 7 - 3*o. Let r(a) = a**3 - 5*a**2 - 11*a + 33. Let p be r(6). Give b(p).
4
Suppose 0 = -2*s + 2*y - 2, -5*s + 1 = -4*y + 3. Let n(l) = -2*l + 0*l**s + 1 - 4 - l**2 + 13*l**3 - 14*l**3. Determine n(-2).
5
Let o = 8479 - 8486. Let p(y) = y**2 - 2*y + 20. Determine p(o).
83
Let h(k) = 17*k - 102. Let d be h(16). Let p be 53/(-17) + 20/d. Let w(t) = -t**3 - 4*t**2 - t + 4. Calculate w(p).
-2
Let h = 11 + 77. Let z(j) = -j**3 - 3*j + 90 + 2*j - 3*j**2 - h. What is z(-2)?
0
Let g(o) = -o**2 + 10*o + 23. Suppose -v - 27 = -3*v - 3*f, -13 = -v - f. Calculate g(v).
-1
Let a(k) = 0 + 15*k**3 + 2 - 3 + 2*k + 1960*k**2 - 3917*k**2 + 1955*k**2. Calculate a(1).
14
Let t(n) = -3644 + 6*n + 7290 + 2*n**3 - n**2 - 3641. What is t(-2)?
-27
Suppose -2*r - 2*r = 3*s - 38, 2*s = 4*r - 8. Let n(y) = -4*y - y**2 + s*y**2 + 5*y. Determine n(3).
48
Let s be (-11 - (-19 - -10)) + 7. Let x(j) = j + 9. Give x(s).
14
Let z(d) = d - 3. Suppose -124 = 59*m - 90*m. Let u(f) = 88*f - 345. Let k be u(m). What is z(k)?
4
Let k(s) = -10 - 31 + s + 70 - 19. Determine k(-6).
4
Let d(x) = 2*x + 13. Suppose 0 = 2*p - 5*w - 6, 0 = -5*p + 71*w - 72*w + 15. Suppose 5*g - 6 = q - 21, 0 = g - 5*q + p. What is d(g)?
7
Let t(i) be the second derivative of i**5/60 + i**4/3 - 3*i**3/2 - 108*i**2 - 208*i. Let m(c) be the first derivative of t(c). What is m(-9)?
0
Let h(w) = 6*w - 61. Let n = 11 - -5. Calculate h(n).
35
Let g(f) be the first derivative of -81 + 6*f - 1/3*f**3 + 0*f**2. Suppose -2*k = 4*h, 0*h = -2*h. Give g(k).
6
Let g(c) = -8*c**2 - 4*c + 3*c**2 - 3 - c + 6*c**2. Suppose -430 + 484 = 9*b. What is g(b)?
3
Let g(d) = -2*d**3 + 4*d**2 - 3*d. Let z be (-16)/(-7) - 18/63. Suppose 0 = -z*o - 18 + 22. Calculate g(o).
-6
Let q = -18079 - -18079. Let r(z) = -z**3 - 5*z. Calculate r(q).
0
Let j(w) be the first derivative of -w**4/4 + 7*w**3/3 + w**2 - 6*w - 18. Suppose -17*x + 245 = 126. Determine j(x).
8
Let v(x) be the third derivative of -x**5/60 + 5*x**4/24 - x**3/3 + 29*x**2. Suppose j - 3*j = -h - 7, 47 = 10*j - h. Calculate v(j).
-2
Let r(c) be the first derivative of 0*c - 4/3*c**3 + 1/2*c**2 + 168. Suppose 5*b + 25 = 5*j - 5, -j + 5 = 0. Determine r(b).
-5
Let v(c) = c**3 + 5*c**2 + 6*c + 3. Suppose 0 = -2*z - 58 + 68. Suppose -b - 4 = 2*s, -6 = 5*b - z*s + 14. Give v(b).
-5
Let g(j) = -j. Let z(x) be the first derivative of 9 + 3*x - 2/3*x**3 - x**2. Let m be z(-3). Determine g(m).
9
Let g(i) = i + 24. Let p be g(-19). Let h = 3 + 2. Let d(m) = -m - h*m + p*m + 11. What is d(0)?
11
Suppose 4*h - 9 + 19 = -3*s, 3*h + s + 5 = 0. Let z(x) = 94*x + 7. Give z(h).
-87
Let i(c) = -c - 2. Let h = 9 + -5. Let n(d) = 3*d + 9. Let b(m) = h*n(m) + 18*i(m). Let w be (-18)/(-189)*(-2373)/113. Give b(w).
12
Let f(i) = 2*i**3 - 3*i**2 + 2*i - 2. Let q be (-12)/(-15)*15/6. Let n be f(q). Let o(t) = 2*t + 13 + 34 - 53. Determine o(n).
6
Let c(w) be the second derivative of 19*w**3/6 - w**2 + 962*w. Give c(1).
17
Let v(m) = 15572 + 15591 - 46735 - m + 15576. Let z = -5 + 11. Calculate v(z).
-2
Let n(z) be the first derivative of -z**4/4 - 14*z**3/3 - z**2/2 - 16*z + 4992. Suppose 0 = 5*l + 31 + 39. Calculate n(l).
-2
Let y(k) = -1 + 3*k**2 + 3*k**2 - 8*k**2 - 2. Let v be y(0). Let g(a) = 2*a**2 - 1. What is g(v)?
17
Let y(b) = 13*b. Let t = -833 - -590. Let r = -244 - t. Calculate y(r).
-13
Let r(b) be the third derivative of -2*b**5/15 + b**4/8 - b**3/3 + 637*b**2. Calculate r(3).
-65
Let j(b) = b**3 - 2*b**2 + 2*b + 16. Let u(h) = -2*h**3 + 5*h**2 - 5*h - 33. Let q(y) = -7*j(y) - 3*u(y). Suppose -1795*k = -1816*k. Give q(k).
-13
Let o(r) = 8*r - 211. Let l = -1286 + 1313. Determine o(l).
5
Let t(o) = 14*o - 8. Let a(h) = -9*h + 5. Let k(q) = -25*a(q) - 16*t(q). Let c be 2/4*-2 - -5. Determine k(c).
7
Let p(f) = -2*f**3 + 56*f**2 + 61*f - 77. Let i be (26 - ((3 - -2) + -8))/1. Let l be p(i). Let m(r) = -r**2 + 10*r + 2. Calculate m(l).
2
Let b(k) be the third derivative of k**4/3 - k**3/3 - 143*k**2. Give b(4).
30
Let z(l) = l**3 + 12*l**2 - 12*l - 148. Let t = 15738 + -15750. Give z(t).
-4
Let h be (-2)/(-10)*167 + 6/(-15). Let a = h - 18. Let f be a/(-5) - ((2 - 0) + -3). Let u(j) = 6*j - 2. Give u(f).
-14
Let w(u) = 20*u + 304. Let z(y) = 19*y + 144. Let k(g) = 4*w(g) - 5*z(g). Give k(33).
1
Let w(i) = -2*i**2 + 6*i + 11. Let y = -45 - -49. Let p be w(y). Let f(c) = 2*c**p - 1 + 2 - 3*c**3 + 1 - 6*c**2. Calculate f(-6).
2
Let d(n) = 4*n + n**3 - 9661 + 21*n + 26*n**2 + 9662. Calculate d(-25).
1
Let w(s) = 15*s - 13. Suppose -8*o = -1 - 47. What is w(o)?
77
Let c(x) = -145*x + 1604 - 1554 + 149*x. Give c(-10).
10
Let g(v) = v**3 - 20*v**2 + 16*v + 54. Suppose 42*w + 389 - 2783 = -84*w. Determine g(w).
-3
Let d be (-1 + 6)/((-26)/(-182)*(-105)/(-9)). Let k(c) = -28*c - 7. Give k(d).
-91
Suppose -g + 26*d = 23*d - 2, 5*g - 2*d - 23 = 0. Let c(o) = -o + 8. What is c(g)?
3
Suppose 3*q + 2*q = 2*x + 27, 4*q + 5*x - 15 = 0. Let u be (-7)/(1 + q + -5). Let y(g) = g**2 + 6*g + 1. Calculate y(u).
8
Let n be (97 - 12)/(-17) + 14. Let i(l) be the first derivative of l**2/2 - 7*l - 1. Determine i(n).
2
Let s(h) = -33*h + 19*h**2 + 70*h - 58*h + 24 + 4*h**2 - h**3. Determine s(22).
46
Let q(v) = -1 - 4*v + 6*v + 5*v**2 + 0*v. Let j(g) = -g + 16. Let t be j(-5). Suppose t*d = 26*d - 5. What is q(d)?
6
Suppose 2*n + 4*n = -36. Let t(s) = -s**2 - 7*s - 10. Let q be t(n). Let i(w) = 6*w**2 - 7*w**2 + 19*w - 22*w. What is i(q)?
-4
Suppose 9*g - 6*g + 3*p = 15, 4*g - p - 5 = 0. Let q(y) = y**2 + 1120*y - y**3 - 1121*y + 6 + 4*y**g. Determine q(5).
1
Let c(y) = 20*y**2 - 19*y + 1. Let x be c(1). Let p(j) = -231*j - 3*j**3 + 230*j + 5 - 4*j**x - 3. What is p(-2)?
12
Let a(f) = -33*f - 18. Let b(j) = 33*j + 22. Let w(z) = 5*a(z) + 4*b(z). What is w(1)?
-35
Let z(h) = 3 + 6*h - 7 + 3*h + 8. Let y(i) = -10*i - 5. Let t(m) = 6*y(m) + 7*z(m). Calculate t(-2).
-8
Let u(o) = o**3 - 6*o**2 + 7. Let b be -4 - -6 - 2/(-6)*3. Suppose 2*c + 3*c - 15 = 0. Suppose c = -h - b*t, -h + 4*t - 3*t + 9 = 0. What is u(h)?
7
Let u(j) = 11*j + 78. Let v(q) = -2*q - 13. Let r(y) = u(y) + 4*v(y). Calculate r(-14).
-16
Suppose -5*u + m = 27, 3*m + 27 - 33 = 0. Let v(h) = -3 - h + 2 + 2*h - 3. Give v(u).
-9
Let s(q) = 3*q**2 - 16*q - 26. Let u be s(7). Let h be 3/u*(-7 - -13). Let w(b) = -b**3 + b**2 - 2*b - 1. What is w(h)?
-9
Let p(n) = -n**2 - 28*n + 29. Let v(k) = k**2 + 23*k - 28. Let y(h) = -5*p(h) - 6*v(h). What is y(0)?
23
Let s(u) = -2*u + 34. Let y be s(15). Let o(h) be the second derivative of -30*h + 0*h**2 + 1/6*h**3 + 0. Determine o(y).
4
Let a(h) be the third derivative of h**5/30 + 17*h**4/24 - 7*h**3/3 - 65*h**2 - 32. Determine a(-9).
-5
Let x(g) = -14*g**2 - 3*g - 25. Let h(p) = 11*p**2 + p + 22. Let f(r) = 5*h(r) + 4*x(r). Suppose -5*c - 24 = -2*c. Determine f(c).
2
Let m(v) be the second derivative of -v**3/6 - 4*v**2 - 126*v - 1. What is m(14)?
-22
Let h(k) = 2*k + 7. Let i(z) = 4 - z + 0 - 5. Let d(a) = h(a) + 3*i(a). Let q(u) = u**3 + 28*u**2 - 26*u + 82. Let w be q(-29). Give d(w).
9
Let r be ((-375)/60)/25 - (-15)/12*1. Let i(k) = -28*k**3 - k**2 + k. Give i(r).
-28
Let c(n) = -2*n**3 - 10949*n**2 + 3647*n**2 + 3647*n**2 + 2*n - 2 + 3652*n**2. Calculate c(-3).
19
Let g(b) = -150*b - 2861. Let y be g(-19). Let t(n) = -n**3 - 12*n**2 - 8*n + 8. Give t(y).
-25
Let j(i) = -328*i + 664*i - 7*i**2 + 0 - 336*i - 2. What is j(-1)?
-9
Suppose 0 = -4*v - 126*g + 130*g + 8, -3*v + 2*g + 14 = 0. Let k(h) = -h**2 + 34*h - 233. What is k(v)?
7
Let l = 5391 - 5394. Let m(q) be 